3 - -29. Let h = y - u. What is the tens digit of h?
1
Let u(i) = -1047*i**3 + 5*i**2 - 28*i - 121. What is the units digit of u(-3)?
7
What is the hundreds digit of 0 - -4635 - 4*(-3)/(-33)*11?
6
Let o = -26 + 30. Suppose 16 = 5*r + y, -r - y = -o*y. Suppose l + 3*v = 154, -v - r*v - 675 = -5*l. What is the tens digit of l?
3
Suppose 0 = 3*l - n - 213, 4*l - 19*n - 279 = -16*n. Let q be 2/(-5)*-5*1. Suppose -2*o - 92 = -q*p - 0*o, 0 = 2*p + 2*o - l. What is the units digit of p?
1
Let k = -16535 - -52143. What is the tens digit of k?
0
Let s(v) = -4*v + 9. Let h be s(4). Let o = h - -18. Suppose o*u - 424 = 3*u. What is the tens digit of u?
5
Suppose 3*p = 4 - 10. Let y be -3*(p/13 - (-3368)/(-78)). Suppose 2*u + 2*d = y, -d = -4*u + 228 + 22. What is the tens digit of u?
6
What is the units digit of (70/(-7) + (-3570)/9)/(4/(-6))?
0
Let z(y) be the third derivative of -17*y**4/6 + 2*y**3 + y**2. Let w = 1251 - 1253. What is the units digit of z(w)?
8
Let s(f) = 531 - 19*f**2 - f**3 - 528 + 0*f**3 + 20*f. Let j be s(-20). Suppose p = -c + j*c - 163, 0 = -c + 2*p + 80. What is the tens digit of c?
8
Suppose -99*o + 536349 - 40359 = 0. What is the thousands digit of o?
5
Let c = 7136 - 4555. What is the hundreds digit of c?
5
Suppose -p - 5*z + 65 = 0, 0 = -2*p + z + z + 106. What is the tens digit of p*1/20*44?
2
Suppose 114719 - 7633 = -12*o + 19*o. What is the hundreds digit of o?
2
Let m(i) = -17 + 6*i - 9*i**2 + 52*i**3 + 32 + 2*i - 16. Let t(b) = -26*b**3 + 4*b**2 - 4*b + 1. Let z(x) = -4*m(x) - 9*t(x). What is the units digit of z(2)?
1
Suppose 10*f - 89924 - 43466 = 0. What is the units digit of f?
9
Let s = 8024 - -4580. What is the ten thousands digit of s?
1
Suppose 2517 + 2493 = 15*d. Suppose -w = -4*o + o + 499, 0 = -4*w + 8. Let q = d - o. What is the hundreds digit of q?
1
Suppose -4*c = 4*y - 28, -10*c + 13 = y - 6*c. Suppose -f = 3*g - 3133, -80*g + y*f + 5195 = -75*g. What is the hundreds digit of g?
0
Suppose -3*t - 178 = -5*n + 507, -545 = -4*n + 3*t. Let c be ((-3)/1)/1 + n + 26. Let o = -28 + c. What is the tens digit of o?
3
Let g(v) = -34*v - 5. Let c(s) = 35*s + 6. Let p(n) = -4*c(n) - 5*g(n). Let m = 6 - 5. What is the units digit of p(m)?
1
Let o be (-3)/9*0 + -2 + 4. What is the units digit of ((-45)/(-10) + o)*14?
1
Let g be (-3 - -27 - 5) + 14/7. Let l = 112 + -78. Let k = l + g. What is the units digit of k?
5
Suppose -15*d = -22*d - 21. Let i be 7 - (15/(-9)*d - 1). Suppose -i*v - 334 = -5*v. What is the hundreds digit of v?
1
Let l = 2741 - 27. What is the units digit of l?
4
Let l(s) = 567*s - 485. What is the units digit of l(8)?
1
Suppose -5*j = 5, 172 = -4*m - 3*j + 437. Let c = m - 61. Suppose -c*z = -z - 910. What is the tens digit of z?
8
Let i be 2/4 + 250/20. Suppose 923 + i = 12*w. What is the units digit of w?
8
Let j = 366 + -371. Let l(a) be the first derivative of -a**3/3 - 15*a**2/2 + 3*a + 2. What is the tens digit of l(j)?
5
What is the thousands digit of 208488/105 + (-2)/(40/(-28))?
1
What is the hundreds digit of (-85976)/(-12)*3/2*10/10?
7
Suppose 3*n + 25589 = 2*w, 2*n + 4163 + 34218 = 3*w. What is the thousands digit of w?
2
Let d(u) = -71 + 317*u + 337*u - 637*u. What is the units digit of d(12)?
3
Suppose -5*z = -a - 35667, -2*z + 5*z - 5*a - 21409 = 0. What is the thousands digit of z?
7
Let q(u) = 59*u - 50. Let l(b) be the second derivative of -b**5/20 - 17*b**4/12 + 17*b**3/6 - 7*b**2 + 9*b. Let a be l(-18). What is the units digit of q(a)?
6
Let v be ((-20)/(-50))/((-3)/5220). Let t = v + 1056. What is the units digit of t?
0
What is the units digit of -19 - (-2595)/135 - ((-185558)/18 - -1)?
8
Suppose 0 = 3*k + 3*p - 37122, 26 = 4*p + 18. What is the hundreds digit of k?
3
Let b = -162 - -162. Suppose 5*y = 2*g - 1571, -2*g - 5*y + 550 + 1031 = b. What is the tens digit of g?
8
Let w = 114 + -110. Suppose o = -4*p + 3027, 281 = -p - w*o + 1034. What is the units digit of p?
7
Let j(f) = -f**2 - 4*f + 10. Suppose 47 = -6*t + 17. Let w be j(t). What is the tens digit of -3*1 + (-75)/w*-2?
2
Suppose 122168 = 2*j - 4*z, 4*j = 17*z - 22*z + 244453. What is the ten thousands digit of j?
6
Let q(l) = 29*l - 9 - 39*l + 2*l**3 - 38*l**2 + 32*l. What is the units digit of q(19)?
9
Suppose -4*t - 121 = -5*j, 55*j - 52*j - t = 67. Let m = j - -136. What is the units digit of m?
7
Let d be 6 + 46 + 2*-1. Suppose 3*u = 2*x + u + d, -5*u + 105 = -4*x. What is the tens digit of 120/25*x/(-6)?
1
Let k be 0 + 7/((-28)/(-2508)). Suppose 3*j = -3*r + k, -5 = -2*r + r. Suppose 0 = -3*y + 5*b + 306, 2*b = -2*y - b + j. What is the units digit of y?
2
Suppose -2*r + 5*s - 34 = 0, -4*r + 3*s - 54 = -0. Let l be (-9)/r - 41/(-4). Suppose -2*p + 3 = -3*n - l, -5*p - 4*n + 81 = 0. What is the tens digit of p?
1
Let q = -33 - -31. Let g(b) = 10*b - 31. Let o(h) = 5*h - 15. Let r(k) = 3*g(k) - 7*o(k). What is the units digit of r(q)?
2
Suppose 19*z - 34 = 42. Suppose 0 = -3*x - 5*l + 723, -x - z*x + 1174 = -2*l. What is the tens digit of x?
3
Suppose -5*c + 34 - 14 = 0, -296 = 4*i + c. Let q = -127 - i. Let x = q + 156. What is the hundreds digit of x?
1
Let h be (95/(-171))/(3/(-27)). Suppose -h*s = -x + 147, -5*x + 683 = -x - s. What is the units digit of x?
2
Suppose -5*i - 4*y = -14, 5*i - 14 = -2*y - 2. Suppose 2*g - 6*l + 2*l - 380 = 0, -i*g - 2*l = -386. What is the hundreds digit of g?
1
Suppose 7*l - 59424 = -26*l + 222528. What is the tens digit of l?
4
Suppose -5*b = p - 34155, 13*b + 5*p + 13662 = 15*b. What is the thousands digit of b?
6
Let u be 2*(-1)/6*-9. What is the units digit of 349 + (1 - (1 - u/1))?
2
Suppose 8*o - 4*o - 24 = 0. Suppose -2*t = 8, 16 = 2*c + 3*t - o*t. Suppose -133 = -c*i + 5*a, -i + 3*a - 19 + 88 = 0. What is the units digit of i?
4
Let i = -1 - -2. Let g = -12 + 16. Suppose i + 11 = 3*j, -2*j = -g*r + 340. What is the tens digit of r?
8
Let n(b) = 47*b - 13. Let j be n(4). Let l be (-3)/(1 - 190/j). Let o = l - -25. What is the tens digit of o?
6
Let l be 1418 + 0*8/(-48). Let w = -814 + l. What is the tens digit of w?
0
Let f = -55 + 57. Suppose 0 = -a - f*h - 3*h + 400, a + 3*h = 398. Suppose 0 = 5*m - a - 215. What is the tens digit of m?
2
Suppose -a - h = -3848 + 399, -13795 = -4*a - 3*h. What is the hundreds digit of a?
4
What is the thousands digit of (-615447)/(-24) + (-415)/664?
5
Let h(m) = 500*m - 31. What is the thousands digit of h(13)?
6
Let w = -8 + 19. Let o(y) = 17*y + 2. What is the tens digit of o(w)?
8
Let f be (-3)/(-2)*526720/192. Suppose -77*t = -82*t + f. What is the units digit of t?
3
Let u be ((-42)/(-63))/((-1)/(-6)). Suppose -471 + 39 = -u*c. Let x = c + -15. What is the tens digit of x?
9
Suppose -5*p - 3*a = -206984, p + a + 667 - 42067 = 0. What is the thousands digit of p?
1
Suppose -2*h = 2 + 466. Let z = h + 385. What is the units digit of z/1 + (-3 - -3 - 0)?
1
Suppose a - 237728 = -18*a + 15*a. What is the hundreds digit of a?
4
Let r(c) = -c**2 + 8*c + 3. Let f be r(8). Let m(h) = -2 - 67*h**3 - 42*h**3 - h**2 - h + 12*h**f. What is the tens digit of m(-1)?
9
Let g(t) = -159*t + 27. Let b be g(-8). Suppose -785*a = -782*a - b. What is the hundreds digit of a?
4
Let o be (95 - 92)/(1/3). Suppose o*m + 5*q = 4*m + 3065, -5*m + q + 3035 = 0. What is the units digit of m?
8
Suppose -7*x + 116 = -3*x. Let k = -25 + x. Suppose 3*b + 101 = k*b. What is the hundreds digit of b?
1
Let b(p) = p**3 - 17*p**2 + 17*p + 7. Let s be b(33). Suppose -25*j + s = j. What is the hundreds digit of j?
6
Suppose 0 = 4*y + 4*l - 24408, l + 2*l - 24402 = -4*y. What is the tens digit of y?
9
Suppose 3*y + 3146 = 3*u - 2*y, 3*y = 15. Suppose -u = 6*j - 5545. What is the units digit of j?
8
Let o(g) = -1433*g + 1639. What is the tens digit of o(-32)?
9
Let t be (-1 + 2)*(14 + -13). Suppose b + 11 = 2*m, 4*m + 3*b + t - 8 = 0. Suppose -4*o + 544 = -3*z - 2*z, -m*o + z + 528 = 0. What is the tens digit of o?
3
Suppose 0*s + 30*s - 177031 = -13*s. What is the thousands digit of s?
4
Suppose 21*g - 112803 - 28964 = 8698. What is the hundreds digit of g?
1
Suppose 19*h - 21*h = 4*i - 234324, -h = 4*i - 234320. What is the thousands digit of i?
8
Suppose q - 4 = -v, -2*q - 3*v + 0*v + 8 = 0. Suppose -4*n = -4*x - 208 - 476, 0 = -q*n + x + 699. What is the units 